 highest common divisor of 34977 and 2136?
267
What is the highest common divisor of 426 and 212361?
213
Calculate the highest common divisor of 32247 and 27.
9
What is the highest common factor of 87 and 448050?
87
What is the highest common divisor of 10 and 14165?
5
Calculate the highest common divisor of 44 and 10208.
44
Calculate the highest common factor of 180 and 339960.
60
Calculate the highest common factor of 637 and 147980.
49
What is the greatest common divisor of 349447 and 56?
7
What is the greatest common factor of 119 and 50540?
7
What is the highest common divisor of 3232 and 1352?
8
Calculate the highest common divisor of 3376 and 224.
16
What is the greatest common divisor of 18 and 498258?
18
What is the greatest common factor of 10298 and 342?
38
Calculate the greatest common divisor of 400 and 83500.
100
What is the highest common factor of 10610 and 10?
10
Calculate the greatest common divisor of 60112 and 832.
208
Calculate the greatest common factor of 4800 and 1068096.
192
What is the greatest common divisor of 6193 and 297?
11
What is the highest common divisor of 32 and 115104?
32
What is the highest common divisor of 33555 and 15?
15
What is the greatest common divisor of 3551850 and 540?
270
Calculate the greatest common divisor of 8801 and 65.
13
What is the greatest common divisor of 105179 and 368?
23
Calculate the greatest common factor of 261879 and 48.
3
Calculate the greatest common divisor of 320 and 448480.
160
What is the highest common factor of 141057 and 126?
63
What is the highest common divisor of 2349 and 199491?
87
Calculate the greatest common factor of 128345 and 193.
193
What is the greatest common divisor of 2759 and 279?
31
Calculate the greatest common factor of 144 and 40440.
24
Calculate the greatest common factor of 27 and 1531314.
9
What is the greatest common divisor of 1008 and 3402?
126
Calculate the highest common factor of 15 and 29703.
3
What is the highest common divisor of 13967766 and 18?
18
What is the highest common factor of 448 and 17776?
16
What is the greatest common factor of 19735 and 5?
5
What is the highest common factor of 26985 and 147?
21
What is the highest common factor of 7117 and 484?
11
Calculate the greatest common factor of 319 and 34045.
11
Calculate the highest common divisor of 1645153 and 38.
19
Calculate the greatest common divisor of 5850 and 290.
10
Calculate the greatest common divisor of 717 and 1713391.
239
What is the greatest common factor of 12681 and 9?
9
Calculate the greatest common divisor of 80110 and 25.
5
What is the greatest common divisor of 1026180 and 180?
180
Calculate the highest common divisor of 93 and 144429.
93
Calculate the greatest common divisor of 201156 and 12.
12
What is the greatest common factor of 146328 and 13832?
728
What is the greatest common divisor of 463079 and 2488?
311
What is the greatest common factor of 10 and 61135?
5
What is the highest common divisor of 87362 and 60742?
242
What is the highest common divisor of 774 and 2376?
18
Calculate the greatest common factor of 53361 and 12789.
441
Calculate the highest common divisor of 3003 and 10101.
273
What is the greatest common factor of 31872 and 288?
96
Calculate the highest common factor of 105926 and 14.
2
Calculate the greatest common divisor of 74657 and 242.
121
Calculate the highest common divisor of 767 and 5721053.
767
What is the highest common divisor of 24 and 26824?
8
Calculate the greatest common divisor of 820 and 4838.
82
Calculate the greatest common factor of 82 and 656.
82
What is the greatest common factor of 56908 and 4756?
164
What is the greatest common factor of 362 and 328153?
181
What is the highest common factor of 1071108 and 12?
12
What is the highest common factor of 12 and 46848?
12
Calculate the greatest common divisor of 1117 and 1428643.
1117
Calculate the highest common factor of 119194 and 465052.
1954
Calculate the highest common factor of 909 and 566913.
303
Calculate the greatest common factor of 73378 and 9994.
38
Calculate the highest common divisor of 68232 and 96.
24
What is the greatest common divisor of 80 and 3801320?
40
Calculate the greatest common factor of 1470578 and 62.
62
Calculate the highest common divisor of 1060 and 5671.
53
What is the greatest common divisor of 10125 and 73575?
675
What is the highest common factor of 7161564 and 36?
12
What is the greatest common divisor of 29 and 90625?
29
What is the greatest common factor of 13 and 2743?
13
Calculate the greatest common divisor of 455 and 6090.
35
Calculate the greatest common factor of 11180 and 1161.
43
What is the highest common factor of 234247 and 962?
481
What is the highest common factor of 646 and 6498?
38
What is the greatest common divisor of 465 and 15330?
15
Calculate the greatest common factor of 2679440 and 160.
80
Calculate the greatest common divisor of 552 and 15640.
184
What is the greatest common factor of 33298 and 2?
2
What is the greatest common divisor of 930 and 257238?
186
Calculate the highest common divisor of 13396 and 1773.
197
What is the greatest common factor of 52 and 448396?
52
Calculate the greatest common factor of 6400 and 5272.
8
What is the greatest common divisor of 3744 and 12402?
234
What is the highest common factor of 20377 and 57400?
287
Calculate the greatest common factor of 1317850 and 100.
50
What is the greatest common divisor of 454 and 363881?
227
Calculate the greatest common divisor of 5725968 and 48.
48
What is the highest common factor of 245 and 100?
5
Calculate the greatest common factor of 45535 and 25.
5
What is the highest common divisor of 140 and 107975?
35
Calculate the greatest common factor of 486 and 96.
6
What is the highest common factor of 460 and 812860?
20
Calculate the highest common divisor of 61024 and 304.
16
Calculate the greatest common divisor of 257 and 580049.
257
Calculate the highest common factor of 1809 and 19497.
201
What is the greatest common factor of 2330 and 1949045?
1165
What is the greatest common factor of 48603 and 255?
51
Calculate the highest common divisor of 9 and 364248.
9
What is the highest common factor of 7979 and 2121?
101
What is the highest common factor of 353626 and 1340?
134
Calculate the greatest common divisor of 1908 and 1802.
106
Calculate the greatest common divisor of 38494 and 4.
2
Calculate the greatest common factor of 7977 and 24.
3
Calculate the greatest common factor of 626710 and 40.
10
What is the highest common factor of 47 and 4225676?
47
What is the highest common factor of 7374 and 252?
6
Calculate the highest common divisor of 2910 and 1842.
6
Calculate the greatest common divisor of 100430 and 440.
110
Calculate the greatest common factor of 70 and 1731530.
10
Calculate the highest common divisor of 36367 and 902.
41
What is the highest common divisor of 1320839 and 91?
13
Calculate the highest common factor of 142650 and 1.
1
What is the highest common divisor of 950940 and 270?
270
What is the greatest common factor of 23147 and 15529?
293
What is the highest common divisor of 3699 and 10138?
137
Calculate the greatest common factor of 530 and 23267.
53
What is the highest common factor of 13 and 316589?
13
Calculate the highest common divisor of 106423 and 7.
1
Calculate the greatest common factor of 3705 and 19513.
247
What is the highest common divisor of 1189 and 7859?
29
Calculate the highest common factor of 500824 and 8.
8
Calculate the highest common divisor of 345 and 227585.
115
Calculate the highest common divisor of 324 and 35628.
12
What is the highest common divisor of 73707 and 158?
79
Calculate the greatest common factor of 64 and 286432.
32
What is the greatest common factor of 825418 and 1122?
374
Calculate the greatest common factor of 2 and 1799.
1
Calculate the greatest common divisor of 396 and 14036.
44
Calculate the highest common factor of 2 and 68492.
2
Calculate the highest common divisor of 3645 and 2115.
45
What is the highest common divisor of 3035 and 408511?
607
Calculate the greatest common divisor of 4470 and 409601.
149
What is the greatest common factor of 29835 and 352665?
765
What is the greatest common factor of 897 and 1807?
13
Calculate the highest common factor of 103057